5804. Give c(2).
316
Let u(n) = -11*n**2 + 2048*n - 652. Calculate u(186).
-280
Let p(d) = -121140*d - 44094977. Give p(-364).
-17
Let g(y) = y**3 + 178*y**2 + 5320*y + 1. Give g(-38).
1
Let c(n) = -11844*n**2 + 35556*n - 69. Calculate c(3).
3
Let l(n) = 1099*n**3 + n**2 - 76*n + 76. Give l(1).
1100
Let q(l) = 78*l + 1219. Determine q(-23).
-575
Let q(p) = -317*p**2 + 5388*p + 10768. Determine q(-2).
-1276
Let n(h) = -34465*h - 172319. Determine n(-5).
6
Let r(x) = -2*x**3 + 17*x**2 + 31*x - 264. Determine r(12).
-900
Let v(s) = -s**3 - 15*s**2 - 1087*s - 12605. Determine v(-12).
7
Let z(w) = 5*w**2 + 13606*w + 8. Give z(0).
8
Let x(k) = 39000*k + 156034. Determine x(-4).
34
Let c(a) = 2*a**2 - 657*a + 26794. What is c(282)?
568
Let t(u) = 2*u**2 - 1178*u - 7120. Determine t(-6).
20
Let a(p) = 1099*p + 11148. Give a(-10).
158
Let r(v) = -v**2 + 63*v - 378. What is r(9)?
108
Let j(a) = -46*a**2 - 41*a - 231. What is j(-9)?
-3588
Let f(n) = 5*n**3 + 3544*n**2 - 11386*n + 4278. Determine f(-712).
6
Let d(x) = 641*x + 10884. Give d(-17).
-13
Let z(l) = 3*l**3 - 9*l**2 + 18*l + 65. Give z(0).
65
Let g(q) = 126178*q - 378486. Calculate g(3).
48
Let v(b) = 275*b**2 - 276*b + 5. What is v(3)?
1652
Let g(i) = -21787*i + 109450. Calculate g(5).
515
Let m(d) = 23*d**3 - 224*d - 666. Calculate m(-3).
-615
Let w(p) = -p - 694. What is w(-93)?
-601
Let l(x) = -x**3 + 53*x**2 + x + 488. Give l(0).
488
Let v(z) = 10*z**3 - 68*z**2 + 31*z + 108. What is v(6)?
6
Let y(b) = b**3 - 26*b**2 - 320*b - 444. Give y(-8).
-60
Let s(z) = 30*z**2 - 356*z - 42. Give s(12).
6
Let u(y) = -15*y**3 - 251*y**2 - 981*y - 7. Calculate u(-4).
861
Let q(m) = m**3 - 91*m**2 - 681*m + 68970. Give q(90).
-420
Let i(l) = l**3 - 23*l**2 - 1489*l - 13604. Calculate i(-14).
-10
Let m(t) = -t**2 - 2*t + 988. Give m(-29).
205
Let b(a) = 3*a**3 + 18*a**2 - 40*a - 85. Calculate b(-7).
48
Let c(z) = -59*z**2 - 1660*z - 10760. Determine c(-18).
4
Let i(h) = 2*h**2 + 2443*h - 12146. What is i(5)?
119
Let k(h) = -13*h**3 + 1120*h**2 + 8277*h + 1. Determine k(93).
1
Let w(n) = n**3 + 51*n**2 + 60*n + 3040. Determine w(-51).
-20
Let y(g) = 13*g**2 + 452*g + 4030. Calculate y(-14).
250
Let g(w) = 84738*w - 762633. Calculate g(9).
9
Let u(v) = 509*v + 80320. Determine u(-158).
-102
Let j(r) = 232861*r - 2095668. Determine j(9).
81
Let m(t) = -36538*t + 73092. Give m(2).
16
Let n(a) = 428862*a - 3859752. Calculate n(9).
6
Let d(r) = 197349*r - 1381454. What is d(7)?
-11
Let y(w) = 3*w**3 - 1395*w**2 - 267*w + 124151. Give y(465).
-4
Let o(z) = 3*z**2 + 1326*z + 37534. Determine o(-31).
-689
Let m(r) = r**2 - 385*r - 72258. Give m(523).
-84
Let r(x) = -x**2 + 85*x + 11202. Calculate r(156).
126
Let f(w) = -873*w + 69760. Give f(80).
-80
Let g(f) = -37*f**2 - 8398*f + 274. Give g(-227).
47
Let q(j) = -6264*j + 31402. Determine q(5).
82
Let c(q) = q**3 - 28*q**2 - 1335*q + 565. Calculate c(53).
35
Let x(m) = 7*m**3 - 3025*m**2 - 2609*m + 4762. Give x(433).
-1
Let v(l) = 5357*l + 792834. What is v(-148)?
-2
Let x(p) = 10*p**2 - 32874*p - 362820. Give x(-11).
4
Let v(i) = -1240*i + 841958. Calculate v(679).
-2
Let n(d) = -21*d - 736. Calculate n(-23).
-253
Let j(l) = -18*l**2 + 2832*l - 109700. Determine j(69).
10
Let t(y) = -18*y**2 - 21500*y + 43020. What is t(2)?
-52
Let u(p) = 223*p + 960. Give u(-6).
-378
Let p(b) = -13*b**3 - 25*b**2 + 10*b + 2. Give p(-3).
98
Let b(w) = 69961*w + 70381. Calculate b(-1).
420
Let w(g) = 26*g**2 + 22*g - 415. Determine w(6).
653
Let g(k) = -k**3 + 275*k**2 - 15823*k - 155. What is g(82)?
91
Let v(b) = -14873*b - 5324539. What is v(-358)?
-5
Let s(d) = d**3 + 725*d**2 - 477*d + 180778. What is s(-726)?
4
Let k(a) = a**2 - 190*a + 3990. Give k(25).
-135
Let b(d) = 59*d - 852. Calculate b(12).
-144
Let u(w) = 190990*w + 19289995. Calculate u(-101).
5
Let m(y) = -1056*y - 1982. Give m(-2).
130
Let i(w) = 28*w**3 + 3*w**2 + w + 11. What is i(-3)?
-721
Let q(n) = -2342*n + 67916. Calculate q(29).
-2
Let k(l) = 4608*l - 13721. What is k(3)?
103
Let y(v) = 2*v**3 + 39*v**2 + 169*v + 38. Calculate y(-15).
-472
Let m(r) = -r - 888. Determine m(-52).
-836
Let i(w) = -5*w**2 + 16*w. Give i(-14).
-1204
Let c(o) = 834*o - 367. What is c(0)?
-367
Let m(l) = -10*l**3 - 2234*l**2 - 892*l + 5. What is m(-223)?
5
Let u(a) = 909*a**3 - 2*a**2 + 114*a + 116. Determine u(-1).
-909
Let f(v) = -v**3 - 795*v**2 - 3157*v + 29. Determine f(-4).
1
Let k(a) = -a**3 + 44*a**2 - 23*a - 806. Give k(44).
-1818
Let q(d) = 775*d - 7544. Calculate q(10).
206
Let n(k) = -1100*k - 116602. Determine n(-106).
-2
Let w(j) = 16*j**3 + 1587*j**2 + 4904*j + 761. What is w(-96)?
-7
Let i(w) = 46035*w - 276379. Give i(6).
-169
Let t(m) = m**3 + 689*m**2 - 8416*m - 2819. What is t(-701)?
-15
Let n(m) = -4299*m - 68617. What is n(-16)?
167
Let i(j) = -j**3 + 120*j**2 + 362*j + 1076. Determine i(123).
215
Let i(l) = -31231*l - 1561452. Determine i(-50).
98
Let a(j) = j**3 - 97*j**2 + 187*j + 199. Determine a(95).
-86
Let d(b) = -480482*b + 14414457. Determine d(30).
-3
Let z(b) = -1393*b + 2848. Determine z(2).
62
Let y(v) = v**2 - 184573*v + 4798249. What is y(26)?
27
Let c(q) = -309*q - 3350. Calculate c(-10).
-260
Let s(m) = 2011*m**2 - 854675*m + 4. Give s(425).
4
Let y(s) = s**2 + 28599*s - 85796. What is y(3)?
10
Let t(o) = -39*o**3 - 2*o**2 - 2*o + 9. Determine t(3).
-1068
Let k(t) = -3*t**2 + 2659*t - 28964. Calculate k(11).
-78
Let q(k) = -k**2 - 635*k - 61809. What is q(-120)?
-9
Let m(s) = 585486*s + 1170988. Give m(-2).
16
Let m(t) = -459*t + 132061. Determine m(287).
328
Let w(y) = y**2 + 23363*y - 374069. Give w(16).
-5
Let o(m) = 4223*m + 21151. Give o(-5).
36
Let p(g) = -2*g**2 + 39237*g - 235389. Calculate p(6).
-39
Let p(f) = 2*f**3 - 13*f**2 - 28*f + 168. Determine p(7).
21
Let o(g) = -1711*g + 961629. Give o(562).
47
Let x(k) = -8*k**2 + 66*k - 333. What is x(7)?
-263
Let v(f) = 78*f**2 - 1326*f - 18. Determine v(17).
-18
Let r(f) = 2325*f + 123217. What is r(-53)?
-8
Let m(s) = -5*s**3 - 3983*s**2 + 3976*s + 8. Give m(1).
-4
Let z(w) = -w**2 - 2728*w + 19059. Determine z(7).
-86
Let z(u) = -u**3 + 94*u**2 + 281*u + 10988. Give z(98).
110
Let w(j) = 10043*j + 112170. Give w(-11).
1697
Let w(q) = -151*q**3 + 1092*q**2 + 3271*q + 3. Calculate w(-3).
4095
Let i(g) = -1596*g - 42148. Give i(-29).
4136
Let b(k) = k**3 + 146*k**2 + 744*k + 5473. Give b(-141).
-26
Let p(k) = -747500*k + 54567494. What is p(73)?
-6
Let b(y) = 6*y**3 - 1250*y**2 + 432*y - 3040. Determine b(208).
288
Let q(w) = -53*w**3 - w**2 + 4*w + 8. Give q(-3).
1418
Let y(m) = 17*m**3 - 48*m**2 + 25*m - 88. Determine y(3).
14
Let v(t) = 2*t**2 - 360*t + 9731. Give v(33).
29
Let f(s) = -s**3 + 558*s**2 + 3350*s - 50. Give f(-6).
154
Let o(f) = f**2 - 232*f - 20475. Determine o(-67).
-442
Let w(r) = 226*r + 24862. Determine w(-110).
2
Let r(s) = -s**3 + 327*s**2 + 57*s - 18791. Give r(327).
-152
Let s(a) = a**3 - 77*a**2 - 692*a - 42. Give s(-8).
54
Let t(b) = 4*b**2 - 17116*b - 40. Calculate t(0).
-40
Let w(n) = 24781*n - 297391. Give w(12).
-19
Let l(t) = -7540*t + 173420. Calculate l(23).
0
Let l(i) = -i**3 + 253*i**2 - 1752*i + 197. Determine l(7).
-13
Let o(l) = 3552*l - 38993. Determine o(11).
79
Let q(p) = 94*p**3 - 4*p**2 - 11*p - 8. Determine q(-2).
-754
Let h(w) = -w**2 + 12345*w - 234128. Give h(19).
66
Let v(d) = -31567*d + 536616. Determine v(17).
-23
Let l(n) = -5*n**2 - 1617*n - 4264. What is l(-321)?
-412
Let o(f) = -5502*f + 110035. What is o(20)?
-5
Let s(b) = -b**3 + 27*b**2 + 251*b - 6956. What is s(29)?
-1359
Let j(k) = -1573*k - 210731. Give j(-134).
51
Let x(w) = 454*w - 23677. What is x(52)?
-69
Let i(y) = 2*y**2 - 363*y - 8198. What is i(-21)?
307
Let w(n) = 2*n**3 - 142*n**2 + 166*n - 1792. What is w(70)?
28
Let k(z) = 3253*z - 328546. Give k(101).
7
Let w(q) = 646559*q - 16163976. Calculate w(25).
-1
Let o(n) = 11693*n + 35080. Give o(-3).
1
Let r(c) = 556*c + 45645. Calculate r(-81).
609
Let t(m) = 2*m**2 - 3303*m + 254888. Calculate t(81).
467
Let f(v) = -2*v**3 + 934*v**2 - 6*v + 2809. What is f(467)?
7
Let h(f) = -4*f**3 - 334*f**2 - 395*f - 47299. Give h(-84).
-7
Let z(f) = -709*f + 175. What is z(0)?
175
Let f(o) = 166*o**2 + 77360*o + 1548. What is f(-466)?
-316
Let l(w) = w**3 - 171*w**2 + 1178*w 